at is the tens digit of 353139?
3
What is the hundred thousands digit of 201552?
2
What is the thousands digit of 267867?
7
What is the ten thousands digit of 172215?
7
What is the hundred thousands digit of 545282?
5
What is the ten thousands digit of 1625042?
2
What is the thousands digit of 383014?
3
What is the ten thousands digit of 527842?
2
What is the hundred thousands digit of 1609936?
6
What is the thousands digit of 3097497?
7
What is the hundreds digit of 18094?
0
What is the hundreds digit of 206886?
8
What is the units digit of 171773?
3
What is the hundred thousands digit of 891742?
8
What is the ten thousands digit of 21757775?
5
What is the hundreds digit of 9705374?
3
What is the tens digit of 201932?
3
What is the units digit of 13086924?
4
What is the hundreds digit of 32909668?
6
What is the hundreds digit of 7092510?
5
What is the tens digit of 426438?
3
What is the tens digit of 2815541?
4
What is the hundred thousands digit of 216174?
2
What is the ten thousands digit of 584410?
8
What is the units digit of 215859?
9
What is the ten thousands digit of 71166?
7
What is the hundreds digit of 1031702?
7
What is the tens digit of 1381318?
1
What is the hundreds digit of 4132949?
9
What is the units digit of 21856687?
7
What is the tens digit of 156345?
4
What is the hundred thousands digit of 386398?
3
What is the units digit of 3427795?
5
What is the thousands digit of 1257726?
7
What is the hundreds digit of 10575047?
0
What is the ten thousands digit of 257358?
5
What is the tens digit of 177528?
2
What is the units digit of 2537905?
5
What is the ten thousands digit of 818838?
1
What is the millions digit of 1353246?
1
What is the hundreds digit of 729682?
6
What is the units digit of 1303303?
3
What is the hundred thousands digit of 558378?
5
What is the thousands digit of 390315?
0
What is the hundred thousands digit of 1483090?
4
What is the units digit of 6011088?
8
What is the units digit of 479622?
2
What is the thousands digit of 248605?
8
What is the ten thousands digit of 87372?
8
What is the thousands digit of 4415877?
5
What is the hundred thousands digit of 2562211?
5
What is the thousands digit of 3395037?
5
What is the ten thousands digit of 6802489?
0
What is the hundred thousands digit of 1125060?
1
What is the thousands digit of 327271?
7
What is the thousands digit of 418899?
8
What is the millions digit of 6674060?
6
What is the tens digit of 216294?
9
What is the millions digit of 3691218?
3
What is the units digit of 860057?
7
What is the hundreds digit of 7312639?
6
What is the ten thousands digit of 851111?
5
What is the tens digit of 167473?
7
What is the ten thousands digit of 224935?
2
What is the millions digit of 5670898?
5
What is the ten thousands digit of 6459966?
5
What is the hundreds digit of 2865984?
9
What is the units digit of 546067?
7
What is the hundred thousands digit of 14351350?
3
What is the millions digit of 5643772?
5
What is the ten thousands digit of 47938?
4
What is the millions digit of 1408329?
1
What is the millions digit of 25058608?
5
What is the ten thousands digit of 176616?
7
What is the ten millions digit of 23914787?
2
What is the hundreds digit of 7504073?
0
What is the ten thousands digit of 7839756?
3
What is the hundreds digit of 518514?
5
What is the hundreds digit of 63517?
5
What is the thousands digit of 6366757?
6
What is the units digit of 18415468?
8
What is the millions digit of 9042618?
9
What is the units digit of 4442871?
1
What is the hundred thousands digit of 838912?
8
What is the hundreds digit of 2977843?
8
What is the thousands digit of 15135?
5
What is the units digit of 8790267?
7
What is the hundred thousands digit of 4947457?
9
What is the hundred thousands digit of 3083780?
0
What is the hundred thousands digit of 139576?
1
What is the tens digit of 363396?
9
What is the hundred thousands digit of 10962075?
9
What is the units digit of 57536?
6
What is the hundreds digit of 246648?
6
What is the thousands digit of 278632?
8
What is the units digit of 310095?
5
What is the tens digit of 45376?
7
What is the ten thousands digit of 210653?
1
What is the millions digit of 5650801?
5
What is the units digit of 257255?
5
What is the thousands digit of 186421?
6
What is the tens digit of 944551?
5
What is the thousands digit of 598852?
8
What is the units digit of 4947723?
3
What is the hundreds digit of 29558004?
0
What is the hundred thousands digit of 15022135?
0
What is the tens digit of 5199078?
7
What is the ten thousands digit of 298529?
9
What is the hundred thousands digit of 333462?
3
What is the ten thousands digit of 329338?
2
What is the hundreds digit of 23021635?
6
What is the millions digit of 1489572?
1
What is the hundred thousands digit of 255306?
2
What is the hundreds digit of 316265?
2
What is the hundred thousands digit of 1041829?
0
What is the ten thousands digit of 83784?
8
What is the units digit of 654005?
5
What is the units digit of 164167?
7
What is the units digit of 26784?
4
What is the hundreds digit of 1892477?
4
What is the ten thousands digit of 28759636?
5
What is the tens digit of 509957?
5
What is the thousands digit of 67838?
7
What is the hundreds digit of 15021785?
7
What is the thousands digit of 73060?
3
What is the hundred thousands digit of 268645?
2
What is the units digit of 372668?
8
What is the thousands digit of 1307988?
7
What is the thousands digit of 747988?
7
What is the ten thousands digit of 252726?
5
What is the hundreds digit of 3559848?
8
What is the hundred thousands digit of 731386?
7
What is the tens digit of 14271174?
7
What is the ten thousands digit of 2668411?
6
What is the tens digit of 5535711?
1
What is the hundreds digit of 183366?
3
What is the millions digit of 4631186?
4
What is the units digit of 65350?
0
What is the ten thousands digit of 385934?
8
What is the ten millions digit of 27133586?
2
What is the tens digit of 132730?
3
What is the millions digit of 9484131?
9
What is the hundred thousands digit of 5474295?
4
What is the ten thousands digit of 65389?
6
What is the tens digit of 140351?
5
What is the millions digit of 31068139?
1
What is the thousands digit of 1213687?
3
What is the tens digit of 10625?
2
What is the hundred thousands digit of 207917?
2
What is the tens digit of 556085?
8
What is the hundred thousands digit of 7586574?
5
What is the millions digit of 35457552?
5
What is the ten thousands digit of 706232?
0
What is the ten thousands digit of 399383?
9
What is the hundred thousands digit of 13327973?
3
What is the hundred thousands digit of 15144353?
1
What is the tens digit of 6805899?
9
What is the hundred thousands digit of 1395144?
3
What is the tens digit of 2767058?
5
What is the tens digit of 8881248?
4
What is the hundreds digit of 754737?
7
What is the tens digit of 1845668?
6
What is the units digit of 219733?
3
What is the tens digit of 1403022?
2
What is the hundred thousands digit of 423101?
4
What is the hundred thousands digit of 971145?
9
What is the ten thousands digit of 403729?
0
What is the units digit of 4728742?
2
What is the units digit of 330432?
2
What is the tens digit of 228740?
4
What is the thousands digit of 82022?
2
What is the ten thousands digit of 424617?
2
What is the units digit of 2492825?
5
What is the thousands digit of 27918887?
8
What is the units digit of 281446?
6
What is the ten thousands digit of 559940?
5
What is the hundreds digit of 7541935?
9
What is the tens digit of 564728?
2
What is the ten thousands digit of 26025587?
2
What is the ten thousands digit of 26441773?
4
What is the thousands digit of 473407?
3
What is the tens digit of 5792523?
2
What is the hundreds digit of 6886543?
5
What is the hundreds digit of 533507?
5
What is the units digit of 3762843?
3
What is the hundreds digit of 494220?
2
What is the units digit of 1183144?
4
What is the hundreds digit of 11077308?
3
What is the thousands digit of 3304182?
4
What is the thousands digit of 264679?
4
What is the hundreds digit of 12236482?
4
What is the thousands digit of 881088?
1
What is the ten thousands digit of 102267?
0
What is the units digit of 2058835?
5
What is the hundreds digit of 227985?
9
What is the ten thousands di